 - 13*n - 24. Suppose -33*c - 221 = 142. Calculate s(c).
-2
Let u(p) be the first derivative of 5*p**2/2 - 42*p - 1301. Calculate u(12).
18
Let y(t) = 16*t**2 - 11*t - 43. Let b be y(-3). Let f(v) = b*v + 132*v + 8 - 272*v + v**2. What is f(6)?
8
Let m(a) = -5*a**2. Let l = 9 + -37. Let d = 30 + l. Suppose i - d = -3. Determine m(i).
-5
Let c(p) be the third derivative of 7/24*p**4 + 0*p + 0 + 1/60*p**5 + 4/3*p**3 + 33*p**2. What is c(-6)?
2
Let d(q) = -q**2 + 16*q - 15. Suppose 11*c + 31*c - 1134 = -39*c. What is d(c)?
13
Let m(h) = -29 - 33 + 571055*h - 571059*h. What is m(-13)?
-10
Let x(l) be the second derivative of 107*l - 4*l**3 + 1/2*l**2 + 0. Give x(1).
-23
Suppose -29*m - 55 = -113. Let j(t) = 7*t**2 - 18*t + 16. Calculate j(m).
8
Suppose -4*h + 2 = -3*y - 5*h, -h = -4*y + 9. Let j(i) be the second derivative of -17*i**5/20 - i**4/6 + i**3/3 - i**2/2 - 11*i - 402. Give j(y).
-18
Let p(s) = s**3 + 11*s**2 + 8*s - 6. Let j(z) = 63 + 51 - 214 + 66 + 4*z. Let l be j(6). Determine p(l).
14
Let x(f) be the third derivative of 1/360*f**6 + 17*f**2 + 0*f + 0 - 1/30*f**5 - 1/3*f**3 - 1/8*f**4. Let i(h) be the first derivative of x(h). What is i(-2)?
9
Let u(t) = t**3 + t**2 + t - 1. Suppose 0 = -h + 6*h - 35. Let c be -36*(84/8)/h. Let b = c - -51. Determine u(b).
-22
Let s(m) = m + 33. Let w be s(-24). Suppose 0*q = w*q - 18. Let g(b) = 1290*b - b**q + 5*b**2 - 1300*b - 5*b**2 - 9. What is g(-10)?
-9
Suppose -4728 = 40*y - 31528. Let t = y - 686. Let b(p) = -p**2 - 15*p + 13. Determine b(t).
-3
Let v be (5 + -12)*1136/(-8946)*9/(-2). Let w(x) = -x**2 - 23*x - 1. Calculate w(v).
75
Suppose 0 = 179*m - 162*m - 34. Let v(k) = -k**3 + 4*k**2 - 2*k - 1. Let w be v(2). Let l(c) = -3*c**2 - 4 + 2*c - c - 3*c + w. What is l(m)?
-17
Suppose s + 0*r = -3*r + 2, -r = 5*s - 10. Let v(w) = s - 4*w + 17*w**2 - 3 + 4*w. Let f be (-4)/(-4 + 8)*(1 - 0). Calculate v(f).
16
Let k(c) = -c**3 + 5*c + 2. Suppose 0 = -95*x + 32 + 443. Give k(x).
-98
Let j(s) = -s**2 + 4*s - 5. Let v(o) = o + 4. Let r be v(-4). Suppose 4*m - 28 = -r*m - 4*d, m = -2*d + 10. Let t be (-10)/(-5) + m/2. Calculate j(t).
-5
Let l(u) = -23*u**2 - 29*u - 15. Let b(q) = 3*q**2 + 2*q - 1. Let o(y) = 8*b(y) + l(y). What is o(13)?
-23
Let m(r) = -r**3 + 8*r**2 - 7*r + 5. Let s be -1 + -3 - (-2 + 4). Let o be 3/(-18) - 43/s. Calculate m(o).
5
Suppose 3 = -0*p + p. Let r(s) = 4*s**3 + 3*s**2 - 2*s**3 - 4*s - s**3 + p + 0*s**2. Suppose -6*x = -111*x + 210. Calculate r(x).
15
Let q(f) = f**2 - 2. Let o = 85 + -86. Let s be (0 - o)/(7*4/56). What is q(s)?
2
Let b(x) be the second derivative of 23*x**5/20 + x**2/2 + 6*x + 5. Suppose 22*r + 15 = -7. What is b(r)?
-22
Suppose -6*k - 11 = -7*k - 3*u, -u = -2*k + 1. Let p = -4 + 7. Let b(r) = r**p - r**k + r**2 - 3*r**2 + r - r**2. Determine b(2).
-6
Suppose -72 - 108 = 30*x. Let y(k) = -k - 18. Determine y(x).
-12
Suppose 18 = -5*s + 2*s. Let g(d) = -10*d + 36. Let n be g(3). Let c(k) = 1 + 9 - k**3 - n + 2*k - 6*k**2 + k. Calculate c(s).
-14
Suppose 0 = 92*y + 563 + 817. Let b(x) = -4*x**2 - 61*x + 4. Give b(y).
19
Let i(d) = 3*d**2 - d + 1. Let a(w) = -w**2 + 13*w - 21. Let c be 44/(-6)*6/(-4). Let v be a(c). Calculate i(v).
3
Let t(d) = -2129*d + 494*d - 759 + 532*d + 532*d - d**2 + 478*d. Give t(-9).
-3
Let h(v) = -12*v**2 - 479*v + 50. Let p be h(-40). Let y(b) = b**2 - 6*b - 38. Determine y(p).
2
Let z(y) = -y + 4. Let x(h) = -6*h + 7*h - 3*h**3 + 3 - 5*h - 7 - 4*h**2. Let b be x(-2). Let n = 17 - b. What is z(n)?
-1
Let o be (-24)/(-15) - (-6)/(-10). Let s be (1/(-7) + o)*14/4. Let q(r) = -r**2 - 11*r**3 + 23*r**3 - 13*r**3 - s + 6*r**2. Calculate q(5).
-3
Let n(d) = -d**2 + 4*d + 1. Suppose -56*h = -3*h. Suppose h = 6*a - 57 + 27. Calculate n(a).
-4
Let r(q) = 204*q + 154. Let n(f) = -76*f - 52. Let c(p) = -8*n(p) - 3*r(p). Calculate c(21).
-130
Let t(o) = -2*o**2 - 10*o + 3. Suppose -w + 5*b + 27 = 0, -3*b = -2*b + 7. What is t(w)?
-45
Let x(y) = -3*y**2 - 7*y - 1. Let m(i) = -9*i**2 - 15*i + 128. Let f be m(3). Give x(f).
-27
Suppose -y - 2 = 2*c - 15, 2*y = -3*c + 20. Suppose 0 = m - 4*a + c - 2, 0 = a. Let x(q) = -q - q + 0*q. What is x(m)?
8
Let v(o) be the second derivative of -o**5/20 - 13*o**4/6 + 29*o**3/6 + 25*o**2 - 243*o + 1. Give v(-27).
-4
Suppose 0 = -0*p + 2*p - 10. Let q(w) = w**3 + 5 - 25*w + 56*w**2 - 134*w**2 + 14*w + 71*w**2 + 16*w. Calculate q(p).
-20
Let i(n) = -5*n**3 - 2*n**2 + 1. Suppose -5*k = -185 - 420. Suppose -l = k - 122. What is i(l)?
-6
Suppose 0 = -19*f + 14*f. Suppose f = -4*u - 67 + 31. Let i(m) = m**2 + 10*m + 6. Determine i(u).
-3
Let l(i) = 10*i - 179. Suppose -4012 = -28*d - 3508. Calculate l(d).
1
Let z be (-1312)/14 - (4 + 130/(-35)). Let f = z + 96. Let p(u) = -8*u**2 + 1 + 114*u - 113*u + 3*u**f. What is p(-1)?
-5
Suppose -2*a + 14 = 4*v, -4*a - 146*v + 149*v = 49. Let d(w) = 5*w + 37. Calculate d(a).
2
Suppose 42*u - 3941 = -3731. Let h(f) = -7*f**3 + f**2 - 4*f + 3. Let w(s) = -8*s**3 - 4*s + 3. Let z(c) = 7*h(c) - 6*w(c). Calculate z(u).
33
Suppose -32*q - 50 = -57*q. Let c(g) be the second derivative of -24*g + 1/6*g**3 + 0 + g**q. Calculate c(5).
7
Let a(y) = 15*y**3 - 8*y**2 + y - 21. Let o(v) = -2*v**3 - v**2 + v + 1. Let k(s) = -a(s) - 5*o(s). Determine k(3).
-20
Let c(h) = 87*h + 1. Let b(o) = 97*o + 93. Let y(m) = b(m) - c(m). Determine y(-10).
-8
Suppose -35*n = -36*n - 1. Let t be ((-26)/6 + 4)/n*3. Let h(j) = -4 - 7*j - 1 + 4. Calculate h(t).
-8
Let m(b) = -b**3 - b + 2. Let y(h) = -h**3 + 7*h**2 + 41*h - 116. Let k be y(10). Suppose -3*s - 11 + 2 = -3*r, 0 = -5*r - 2*s + 36. Let z = k + r. Give m(z).
2
Let f(v) = 4*v**2 + v + 1. Let x(t) = -25*t**2 - 11*t - 13. Let z be 1 - (-4)/(2 + 16/(-4)). Let y(u) = z*x(u) - 6*f(u). Calculate y(-4).
3
Let f(w) be the second derivative of -w**7/2520 + w**6/720 + w**5/40 + 8*w**4/3 - w**3/6 + 25*w. Let v(t) be the third derivative of f(t). What is v(5)?
-17
Let c(p) be the second derivative of -5*p**3/3 + 2*p**2 - 22*p. Let b be c(0). Let v(s) = -8 + 0 + s + 16 - b. What is v(-3)?
1
Suppose 12*f - 7*f = 4*g + 252, 5*f + 2*g - 264 = 0. Suppose -35*v + f*v = -153. Let z(j) = j**2 + 8*j - 2. What is z(v)?
7
Let y = -94 - -143. Let r = y + -46. Let g(s) = r*s - 5*s**2 + 0 + 0*s**2 + 2 + 4*s**2. Give g(2).
4
Suppose -145*p - 19*p = -2678 - 602. Let n(t) = -t**3 + 22*t**2 - 40*t - 13. Give n(p).
-13
Let h(w) = -w**2 + 13*w + 174. Suppose 2436 = 16*v + 2564. Calculate h(v).
6
Let w(s) be the second derivative of -s**5/20 - s**4/3 - s**3/2 - 3*s**2 - 13*s + 26. Calculate w(-3).
-6
Let y(n) = n**3 + 22*n**2 + 21*n + 11. Let p = 5735 - 5756. What is y(p)?
11
Let l(m) = 2*m + 10. Let p(k) be the first derivative of -k**4/4 + k**3 - 75. Let t be p(0). Calculate l(t).
10
Let z(p) = -2*p**2 + 12*p - 7. Let b be ((-42)/24 - -1) + (-69)/(-12). Give z(b).
3
Let y(g) = 0*g + 28 - 30 - g. Let p be -3 + -1 + (-20)/(-5). Suppose -j - h + 1 = -2, p = -5*h + 25. Give y(j).
0
Let j(d) be the second derivative of -d**5/20 - d**4/4 - d**3/6 - 5*d**2/2 + 92*d - 2. Determine j(-4).
15
Let v(r) = r - 3 - 1 + 0. Let q be 2/5 + (-736)/115. Let z(x) = 44*x + 267. Let d be z(q). Give v(d).
-1
Let v(c) be the second derivative of c**4/12 + 4*c**3/3 - c**2 - c. Let b = 65726 + -65734. Calculate v(b).
-2
Let j(g) = 65*g**3 + 3*g**2 + g - 4. Let p(l) = -26*l**3 - l**2 + 1. Let y(z) = -j(z) - 3*p(z). Suppose -x + 2 = -2*c, 4*x + 4 = 3*c + 17. What is y(c)?
13
Let l be 2984/(-21) + (-24)/(-252). Let h = l + 144. Suppose -h*c - 2*f = -10, 2*f = -3*c + 12 - 0. Let x(i) = 2*i**2 + i + 1. Give x(c).
11
Let m(k) = 3*k + 2. Let q(v) = -48*v + 13*v - 10 + 22*v + 14*v. Suppose 4 + 1 = h, 0 = 5*n + h - 35. Let j be q(n). What is m(j)?
-10
Let o(y) be the first derivative of y**3/6 + y**2 + 57*y + 14. Let p(x) be the first derivative of o(x). What is p(4)?
6
Let u(m) be the third derivative of m**6/120 + 13*m**5/60 + m**4 - m**3/6 - 144*m**2 + 14. What is u(-10)?
59
Let m(d) be the first derivative of 5*d**2 + 5*d - 189. Let j = 146 - 148. Calculate m(j).
-15
Let m(w) = -2*w + 38. Suppose 4*f - 155 = 43*f - 584. Determine m(f).
16
Let l(n) = -51*n + 146. Let d(x) = 72*x - 219. Let j(p) = 5*d(p) + 7*l(p). Give j(17).
-22
Let h(u) = -3*u - 33. Let z(f) = f + 16. Let d(p) = -2*h(p) - 5*z(p). Let 